475597
List the prime factors of 7049815.
5, 17, 82939
What are the prime factors of 23209089?
3, 19, 407177
What are the prime factors of 1174257?
3, 7, 19, 109
List the prime factors of 1251874.
2, 13, 89, 541
What are the prime factors of 539739?
3, 59971
List the prime factors of 1595633.
13, 122741
What are the prime factors of 894802?
2, 447401
List the prime factors of 6868380.
2, 3, 5, 114473
List the prime factors of 242408.
2, 157, 193
What are the prime factors of 258905?
5, 53, 977
What are the prime factors of 2105918?
2, 89, 11831
List the prime factors of 305832.
2, 3, 12743
List the prime factors of 3134998.
2, 1567499
What are the prime factors of 1100026?
2, 43, 12791
What are the prime factors of 15858?
2, 3, 881
List the prime factors of 1906769.
23, 82903
What are the prime factors of 1498645?
5, 193, 1553
List the prime factors of 4108056.
2, 3, 171169
What are the prime factors of 22162725?
3, 5, 13, 7577
What are the prime factors of 397783?
17, 23399
What are the prime factors of 93712?
2, 5857
List the prime factors of 2500559.
2500559
What are the prime factors of 2974754?
2, 19, 78283
List the prime factors of 178952.
2, 22369
List the prime factors of 9792619.
19, 515401
What are the prime factors of 3781544?
2, 13, 2797
List the prime factors of 88494.
2, 3, 7, 43
List the prime factors of 834135.
3, 5, 55609
List the prime factors of 97703.
41, 2383
List the prime factors of 1524235.
5, 304847
What are the prime factors of 182262?
2, 3, 37, 821
What are the prime factors of 300950?
2, 5, 13, 463
What are the prime factors of 316686?
2, 3, 47, 1123
List the prime factors of 790627.
29, 137, 199
What are the prime factors of 127845?
3, 5, 947
List the prime factors of 1045432.
2, 17, 7687
List the prime factors of 15986697.
3, 61, 87359
What are the prime factors of 1269874?
2, 634937
What are the prime factors of 11630153?
11630153
List the prime factors of 14305764.
2, 3, 11, 108377
What are the prime factors of 4419631?
59, 173, 433
List the prime factors of 386806.
2, 7, 3947
List the prime factors of 28512912.
2, 3, 167, 3557
What are the prime factors of 373827?
3, 353
List the prime factors of 5438819.
5438819
What are the prime factors of 923933?
17, 23, 139
List the prime factors of 408627.
3, 45403
What are the prime factors of 1940009?
919, 2111
What are the prime factors of 1419308?
2, 11, 32257
List the prime factors of 583573.
79, 83, 89
What are the prime factors of 21379872?
2, 3, 222707
List the prime factors of 965474.
2, 47, 10271
What are the prime factors of 65035?
5, 13007
What are the prime factors of 42716?
2, 59, 181
List the prime factors of 321692.
2, 7, 11489
List the prime factors of 988465.
5, 17, 29, 401
List the prime factors of 11660200.
2, 5, 173, 337
List the prime factors of 21156336.
2, 3, 48973
List the prime factors of 8356400.
2, 5, 13, 1607
What are the prime factors of 6459200?
2, 5, 11, 367
List the prime factors of 8357688.
2, 3, 38693
List the prime factors of 2505395.
5, 43, 271
List the prime factors of 422677.
167, 2531
List the prime factors of 2473411.
79, 131, 239
What are the prime factors of 845171?
307, 2753
List the prime factors of 50440.
2, 5, 13, 97
List the prime factors of 1745669.
1745669
What are the prime factors of 173886?
2, 3, 73, 397
What are the prime factors of 478767?
3, 159589
What are the prime factors of 582022?
2, 7, 5939
List the prime factors of 493437.
3, 7, 23497
List the prime factors of 2057861.
13, 59, 2683
What are the prime factors of 13461766?
2, 19, 354257
What are the prime factors of 27615?
3, 5, 7, 263
What are the prime factors of 592037?
37, 16001
List the prime factors of 19379871.
3, 7, 102539
List the prime factors of 37672.
2, 17, 277
What are the prime factors of 242803?
11, 22073
List the prime factors of 732682.
2, 366341
What are the prime factors of 4925866?
2, 11, 223903
What are the prime factors of 16680753?
3, 883, 2099
What are the prime factors of 31159?
31159
What are the prime factors of 285215?
5, 7, 29, 281
List the prime factors of 18089490.
2, 3, 5, 602983
List the prime factors of 2223993.
3, 47, 15773
What are the prime factors of 5576559?
3, 31, 61, 983
What are the prime factors of 3566856?
2, 3, 331, 449
List the prime factors of 639397.
11, 37, 1571
What are the prime factors of 5398301?
5398301
List the prime factors of 10992590.
2, 5, 7, 157037
What are the prime factors of 899140?
2, 5, 11, 61, 67
List the prime factors of 2255582.
2, 7, 367, 439
What are the prime factors of 100106?
2, 50053
List the prime factors of 524341.
524341
List the prime factors of 159194.
2, 7, 83, 137
List the prime factors of 4327914.
2, 3, 721319
What are the prime factors of 5882969?
17, 29, 11933
List the prime factors of 74929.
74929
List the prime factors of 293661.
3, 67, 487
List the prime factors of 1527650.
2, 5, 30553
What are the prime factors of 2371104?
2, 3, 8233
List the prime factors of 543568.
2, 53, 641
What are the prime factors of 19751613?
3, 7, 940553
What are the prime factors of 162776?
2, 20347
List the prime factors of 514428.
2, 3, 163, 263
What are the prime factors of 217365?
3, 5, 43, 337
List the prime factors of 70836.
2, 3, 5903
What are the prime factors of 162794?
2, 23, 3539
List the prime factors of 3648405.
3, 5, 243227
What are the prime factors of 296919?
3, 7, 1571
List the prime factors of 983767.
29, 33923
List the prime factors of 1906266.
2, 3, 317711
List the prime factors of 133920.
2, 3, 5, 31
List the prime factors of 622686.
2, 3, 59, 1759
What are the prime factors of 9776359?
59, 165701
What are the prime factors of 361332?
2, 3, 10037
List the prime factors of 2411390.
2, 5, 293, 823
What are the prime factors of 4727877?
3, 7, 11, 97, 211
List the prime factors of 2107826.
2, 7, 150559
What are the prime factors of 166953?
3, 19, 29, 101
List the prime factors of 30234.
2, 3, 5039
What are the prime factors of 810209?
810209
List the prime factors of 13123.
11, 1193
What are the prime factors of 88689?
3, 17, 37, 47
List the prime factors of 273607.
419, 653
List the prime factors of 400505.
5, 7, 11443
List the prime factors of 33037.
33037
List the prime factors of 291257.
291257
List the prime factors of 74398.
2, 37199
What are the prime factors of 612573?
3, 13, 113, 139
List the prime factors of 1069838.
2, 7, 11, 6947
What are the prime factors of 1161076?
2, 7, 41467
List the prime factors of 2466890.
2, 5, 246689
What are the prime factors of 188851?
13, 73, 199
List the prime factors of 21145653.
3, 139, 16903
What are the prime factors of 8183143?
151, 54193
List the prime factors of 288104.
2, 36013
List the prime factors of 1610682.
2, 3, 17, 15791
What are the prime factors of 188049?
3, 62683
What are the prime factors of 8105315?
5, 23, 70481
List the prime factors of 18867052.
2, 29, 41, 3967
List the prime factors of 150335.
5, 107, 281
List the prime factors of 35369937.
3, 29, 4673
List the prime factors of 28012.
2, 47, 149
List the prime factors of 1836837.
3, 7559
List the prime factors of 5991701.
17, 47, 7499
List the prime factors of 3854589.
3, 1284863
List the prime factors of 772906.
2, 71, 5443
List the prime factors of 24799987.
24799987
List the prime factors of 5635410.
2, 3, 5, 11, 17077
List the prime factors of 146733.
3, 59, 829
List the prime factors of 17705012.
2, 13, 340481
What are the prime factors of 654449?
17, 137, 281
List the prime factors of 267004.
2, 66751
What are the prime factors of 952260?
2, 3, 5, 59, 269
List the prime factors of 793324.
2, 7, 29, 977
List the prime factors of 1620599.
971, 1669
What are the prime factors of 668110?
2, 5, 71, 941
What are the prime factors of 3492931?
13, 139, 1933
What are the prime factors of 200188?
2, 50047
List the prime factors of 10414630.
2, 5, 23, 45281
List the prime factors of 21565496.
2, 607, 4441
List the prime factors of 2887026.
2, 3, 481171
List the prime factors of 4526083.
4526083
What are the prime factors of 32683560?
2, 3, 5, 7, 13, 41, 73
List the prime factors of 127479.
3, 11, 3863
What are the prime factors of 967981?
7, 138283
List the prime factors of 24112.
2, 11, 137
List the prime factors of 1049881.
7, 23, 6521
List the prime factors of 33